) to base 16
-12
Convert -10 (base 3) to base 13.
-3
What is 11 (base 4) in base 5?
10
Convert -100 (base 3) to base 8.
-11
What is 6 (base 16) in base 10?
6
What is -2 (base 11) in base 16?
-2
87 (base 13) to base 15
76
What is -244 (base 6) in base 5?
-400
Convert -103 (base 8) to base 4.
-1003
3 (base 13) to base 11
3
-32 (base 6) to base 10
-20
-a (base 15) to base 12
-a
What is 4 (base 10) in base 5?
4
1011 (base 3) to base 2
11111
81 (base 9) to base 3
2201
0 (base 4) to base 15
0
-32 (base 5) to base 2
-10001
Convert 33 (base 8) to base 4.
123
-1001000 (base 2) to base 3
-2200
Convert -18 (base 9) to base 12.
-15
-507 (base 8) to base 3
-110010
Convert -6 (base 11) to base 7.
-6
11111 (base 3) to base 4
1321
-11 (base 3) to base 16
-4
30 (base 4) to base 13
c
Convert 101 (base 2) to base 15.
5
What is -114 (base 6) in base 12?
-3a
-a (base 11) to base 7
-13
Convert -b (base 14) to base 11.
-10
134 (base 7) to base 16
4a
What is -69 (base 15) in base 13?
-78
Convert 1 (base 11) to base 13.
1
What is -c (base 13) in base 6?
-20
Convert -4e (base 16) to base 8.
-116
-3 (base 14) to base 12
-3
What is 161 (base 8) in base 14?
81
0 (base 9) to base 15
0
Convert -37 (base 8) to base 9.
-34
What is 21 (base 14) in base 3?
1002
Convert -3 (base 5) to base 4.
-3
What is 102 (base 5) in base 12?
23
What is 11001001 (base 2) in base 7?
405
Convert -3 (base 4) to base 15.
-3
What is 3 (base 8) in base 12?
3
-165 (base 14) to base 7
-555
-f (base 16) to base 14
-11
c (base 14) to base 4
30
Convert -135 (base 8) to base 11.
-85
6 (base 13) to base 12
6
What is -1c (base 13) in base 9?
-27
What is 1 (base 3) in base 7?
1
Convert -5 (base 10) to base 2.
-101
Convert -7 (base 11) to base 12.
-7
What is -103 (base 4) in base 13?
-16
What is -5 (base 6) in base 13?
-5
What is 1002 (base 3) in base 2?
11101
Convert 199 (base 12) to base 15.
126
0 (base 10) to base 4
0
5 (base 13) to base 2
101
What is 467 (base 8) in base 9?
375
-12 (base 5) to base 6
-11
Convert -147 (base 10) to base 5.
-1042
-55 (base 16) to base 2
-1010101
Convert -263 (base 7) to base 5.
-1033
Convert 15c (base 15) to base 10.
312
Convert 1 (base 7) to base 4.
1
What is -3 (base 13) in base 7?
-3
1 (base 5) to base 4
1
What is 545 (base 7) in base 8?
426
-37 (base 8) to base 2
-11111
Convert a9 (base 14) to base 3.
12112
Convert 6 (base 11) to base 3.
20
What is 260 (base 9) in base 3?
22000
What is -2 (base 16) in base 6?
-2
-202 (base 4) to base 9
-37
-300 (base 5) to base 3
-2210
What is -3 (base 10) in base 6?
-3
Convert -545 (base 6) to base 7.
-416
-2 (base 14) to base 9
-2
Convert 10 (base 9) to base 13.
9
103 (base 4) to base 10
19
What is 102 (base 4) in base 6?
30
Convert 53 (base 7) to base 5.
123
What is 10011 (base 4) in base 12?
199
Convert -13 (base 7) to base 15.
-a
What is -103 (base 5) in base 15?
-1d
15 (base 6) to base 5
21
1000 (base 3) to base 7
36
29 (base 16) to base 12
35
Convert -6 (base 12) to base 14.
-6
What is 19 (base 10) in base 8?
23
What is 0 (base 16) in base 13?
0
Convert 403 (base 7) to base 15.
d4
-118 (base 9) to base 14
-70
What is 20000 (base 3) in base 11?
138
15 (base 12) to base 4
101
What is 110100 (base 2) in base 4?
310
0 (base 16) to base 14
0
Convert -100 (base 7) to base 4.
-301
-8 (base 14) to base 3
-22
-1 (base 6) to base 3
-1
What is 79 (base 15) in base 8?
162
-2 (base 12) to base 8
-2
Convert -100 (base 3) to base 14.
-9
Convert -5 (base 14) to base 7.
-5
Convert b7 (base 15) to base 2.
10101100
-12 (base 7) to base 9
-10
Convert 0 (base 6) to base 8.
0
-11 (base 3) to base 10
-4
What is 3 (base 14) in base 3?
10
What is -102 (base 8) in base 14?
-4a
What is -76 (base 11) in base 10?
-83
What is -11 (base 4) in base 12?
-5
What is 0 (base 2) in base 14?
0
What is -100 (base 8) in base 12?
-54
What is 0 (base 4) in base 14?
0
What is 515 (base 6) in base 15?
cb
Convert 148 (base 11) to base 6.
445
433 (base 9) to base 12
256
-43 (base 5) to base 2
-10111
What is 3 (base 8) in base 6?
3
1 (base 13) to base 16
1
1100010 (base 2) to base 12
82
Convert 1 (base 15) to base 12.
1
Convert 70 (base 10) to base 16.
46
Convert 15b (base 12) to base 10.
215
Convert 3 (base 4) to base 13.
3
Convert -222 (base 4) to base 8.
-52
What is 543 (base 7) in base 15?
136
-11 (base 10) to base 11
-10
-4 (base 11) to base 16
-4
8 (base 9) to base 8
10
-11 (base 3) to base 16
-4
Convert -4b (base 12) to base 15.
-3e
Convert 1 (base 10) to base 6.
1
Convert 1c (base 13) to base 14.
1b
What is 16 (base 7) in base 3?
111
-6 (base 9) to base 15
-6
-45 (base 12) to base 3
-1222
3 (base 10) to base 14
3
What is 36 (base 7) in base 16?
1b
Convert -17 (base 12) to base 5.
-34
Convert -205 (base 8) to base 14.
-97
What is 10 (base 15) in base 9?
16
Convert -20 (base 11) to base 12.
-1a
-1 (base 13) to base 14
-1
Convert 7 (base 10) to base 14.
7
What is -2 (base 4) in base 14?
-2
121 (base 5) to base 2
100100
5 (base 13) to base 8
5
What is -1100000 (base 2) in base 12?
-80
What is 1d (base 14) in base 15?
1c
Convert -1 (base 13) to base 12.
-1
What is -13 (base 8) in base 2?
-1011
0 (base 5) to base 8
0
2 (base 5) to base 15
2
0 (base 7) to base 4
0
3b (base 15) to base 13
44
Convert 27 (base 9) to base 6.
41
201 (base 4) to base 14
25
What is 23 (base 9) in base 3?
210
Convert 4 (base 11) to base 7.
4
What is -29 (base 11) in base 4?
-133
-b6 (base 13) to base 6
-405
Convert 2b (base 12) to base 11.
32
4 (base 13) to base 11
4
-37 (base 9) to base 2
-100010
103 (base 10) to base 6
251
What is -10 (base 12) in base 11?
-11
Convert 37 (base 14) to base 4.
301
Convert 67 (base 8) to base 12.
47
-1000010 (base 2) to base 5
-231
-311 (base 4) to base 15
-38
What is 0 (base 8) in base 14?
0
10 (base 5) to base 8
5
What is -11 (base 6) in base 5?
-12
Convert 6 (base 11) to base 7.
6
Convert -64 (base 10) to base 13.
-4c
Convert 0 (base 6) to base 12.
0
Convert 1a (base 16) to base 9.
28
-36 (base 14) to base 7
-66
Convert 311 (base 4) to base 9.
58
Convert -25 (base 6) to base 7.
-23
What is -c (base 16) in base 7?
-15
1343 (base 5) to base 14
11d
What is 111 (base 10) in base 2?
1101111
Convert 1 (base 4) to base 7.
1
122 (base 5) to base 15
27
Convert 0 (base 12) to base 4.
0
Convert -1001 (base 5) to base 15.
-86
What is 2 (base 7) in base 11?
2
What is 2 (base 14) in base 13?
2
Convert 1121 (base 4) to base 2.
1011001
Convert 56 (base 10) to base 15.
3b
What is -2a (base 11) in base 9?
-35
What is -8 (base 11) in base 7?
-11
Convert 0 (base 14) to base 15.
0
0 (base 7) to base 16
0
What is -10 (base 5) in base 12?
-5
-4 (base 7) to base 5
-4
Convert -5 (base 9) to base 6.
-5
Convert -32 (base 11) to base 4.
-203
11000 (base 2) to base 12
20
234 (base 5) to base 10
69
Convert 53 (base 10) to base 12.
45
232 (base 6) to base 13
71
What is 7 (base 14) in base 3?
21
1213 (base 4) to base 15
6d
Convert -2 (base 5) to base 12.
-2
What is 230 (base 4) in base 8?
54
What is 11111 (base 2) in base 13?
25
What is 6 (base 15) in base 10?
6
Convert 4 (base 6) to base 16.
4
10 (base 6) to base 7
6
Convert -69 (base 11) to base 13.
-5a
Convert 3 (base 15) to base 7.
3
-10 (base 15) to base 11
-14
-15 (base 7) to base 13
-c
Convert 2 (base 11) to base 10.
2
10 (base 4) to base 2
100
144 (base 7) to base 6
213
-33 (base 5) to base 12
-16
-12 (base 12) to base 13
-11
Convert 3 (base 12) to base 8.
3
2 (base 6) to base 5
2
-10 (base 4) to base 6
-4
Convert -2 (base 10) to base 4.
-2
What is -8 (base 11) in base 12?
-8
What is -9 (base 12) in base 16?
-9
-95 (base 10) to base 12
-7b
What is 2114 (base 5) in base 4?
10130
-211 (base 8) to base 11
-115
What is 0 (base 3) in base 6?
0
What is -10 (base 16) in base 9?
-17
Convert -35 (base 10) to base 3.
-1022
Convert 110110 (base 2) to base 12.
46
Convert 46 (base 12) to base 15.
39
What is 147 (base 8) in base 2?
1100111
Convert -47 (base 10) to base 7.
-65
-4 (base 5) to base 10
-4
Convert 6 (base 14) to base 8.
6
14 (base 9) to base 8
15
What is -2 (base 6) in base 9?
-2
25 (base 11) to base 8
33
3 (base 5) to base 2
11
What is -1b (base 13) in base 9?
-26
What is 214 (base 9) in base 13?
106
What is 1110 (base 2) in base 16?
e
What is 3 (base 10) in base 6?
3
12 (base 4) to base 11
6
-1 (base 3) to base 16
-1
What is 5 (base 